**2 - 9*l - 2. Let g be n(9). What are the prime factors of b - (4 + 2)/g?
3, 19
Let t be -6*15/(-27)*69/46. Suppose 36*x - 50127 = t*x. What are the prime factors of x?
3, 7, 11
Let q(u) = u**2 - 69*u + 658. What are the prime factors of q(115)?
2, 1487
Let l(i) = 3*i + 15 - 13 + 4*i. Let w = 33 + -32. What are the prime factors of l(w)?
3
Suppose -4*b - 2 - 2 = -d, 4*b + 12 = 3*d. Suppose 3*c - 917 = -d*z, 0 = -z + 6*c - c + 235. What are the prime factors of z?
2, 5, 23
Let n be 7/(3/(0 + 3))*1. Suppose n*m + 894 - 4947 = 0. List the prime factors of m.
3, 193
Suppose -71*k - 7131825 = -73*k - 143*k. List the prime factors of k.
3, 5, 1093
Let w(v) = -5*v**2 + 19*v + 8. Let y be w(4). Suppose 2*c = -2*p + 532, -8*c - 1040 = -y*p - 4*c. List the prime factors of p.
263
Let s(w) = -2*w**2 + 5*w + 32. Let a be s(-7). Let m = a + 186. Suppose -2*q = 5*j - m, 0 = -5*q - 3*j - j + 221. What are the prime factors of q?
3, 5
Let m = 22306 - 10792. What are the prime factors of m?
2, 3, 19, 101
Let v(w) = 416*w**2 - 10*w - 10. Let k be v(-2). Let n = k + -828. What are the prime factors of n?
2, 3, 47
List the prime factors of (-3 - -8) + 19/(4/(-1916)*-1).
2, 29, 157
Suppose -44*h - 37323 = -55*h. List the prime factors of h.
3, 13, 29
What are the prime factors of 345012/36 - 14/(-42)?
2, 599
Let k(j) = -22*j**3 - 3*j**2 + 5*j - 8. Let n be k(-4). What are the prime factors of n - (0 + 4/2 + 1)?
3, 443
Let g = -186 - -214. Suppose 15*v + 780 = g*v. What are the prime factors of v?
2, 3, 5
Let l be 0 + -3 - (-45)/(30/(-6)). Let b(w) = -2*w**3 - 18*w**2 - 10*w - 9. List the prime factors of b(l).
3, 5, 13
Suppose -2*r + 3*o = 4*o + 1151, 2*r + 1141 = o. Let v = -364 - r. Let k = -131 + v. What are the prime factors of k?
2, 3, 13
Let s = -10456 + 35714. What are the prime factors of s?
2, 73, 173
Suppose -c = -r + 8007 + 16933, -c = -6. List the prime factors of r.
2, 12473
Suppose 0 = -u - 2*u - 174. Let l = u - -58. List the prime factors of (-1 + l)/((-12)/1608).
2, 67
Suppose 3*f = -s + 12419, 4*f = 951*s - 952*s + 12418. What are the prime factors of s?
2, 6211
Let g(k) = 2*k**2 + 12*k - 10. Let o be g(-7). Suppose -o*x + 3*x - 387 = -2*a, 2*x = -4*a + 754. List the prime factors of a.
191
Suppose -2*k + 8 = i, 5*i - 9*i - 18 = -2*k. Suppose 4*u - 8489 = -k*h, 0 = 2*h + 3*u - 1092 - 2298. What are the prime factors of h?
3, 7
Let a = -31 + 36. Suppose 5*b + 111 = -j, a*b + 4*j + 95 = -19. List the prime factors of b/143 - 54/(-13).
2
Let j(n) = -n**3 - 4*n**2 - 9*n - 1. Let h be j(-6). Let q = 319 - h. List the prime factors of q.
2, 97
Suppose -4*c + 19 = -3*s + 58, 4*c + s + 19 = 0. Let w be ((-2004)/(-60))/(2/(-5))*c. Let u = w + -284. List the prime factors of u.
7, 31
Suppose -133*p + 720347 + 4427896 - 168723 = 0. What are the prime factors of p?
2, 3, 5, 13
Let c(l) = -2*l - 9. Let s be c(6). Let w be (-771)/s - 6/63*-3. Let h = -1 + w. List the prime factors of h.
2, 3
Let i = 22920 - 15730. List the prime factors of i.
2, 5, 719
Suppose 2*d + 95 = -3*d. Let w = -17 - d. Suppose -w*l + 194 = -2*a, -a + 299 = -0*l + 3*l. What are the prime factors of l?
3, 11
Let s be 1/((-2)/15 + 7/21). Suppose -255 = -s*y + 475. List the prime factors of y.
2, 73
Let n be ((-4)/10)/((-12)/120). Suppose -6 = -n*o - 2*g, 5*o + g = 6*g + 45. Suppose 144 = o*v - 432. What are the prime factors of v?
2, 3
Let d(r) = 2*r - 14. Let u be d(8). Suppose -9 - 55 = u*z. List the prime factors of ((-134)/4)/(16/z).
67
What are the prime factors of (2942/2)/(357/276 - 275/220)?
23, 1471
Let h(k) = -11806*k + 925. List the prime factors of h(-2).
3, 8179
Let p(n) = 214*n - 594. Let q be p(7). Let j = 2522 - q. What are the prime factors of j?
2, 809
Let q(a) = -172*a + 794. What are the prime factors of q(-6)?
2, 11, 83
Suppose -1504604 = 169*i - 5583250. What are the prime factors of i?
2, 11, 1097
Let y(l) = 11*l - 10. Let x be 0/2 + -2*12/8. Let m(i) = -i + 1. Let q(c) = x*m(c) + y(c). List the prime factors of q(6).
71
Let y = -308 + 278. What are the prime factors of 3*(-8)/y - 60629/(-95)?
3, 71
Let u(c) = c**3 - 9*c**2 - 20*c - 12. Let s be u(11). Let b be 0 - (115/(-25) + 6/s). Let n = 42 + b. What are the prime factors of n?
2, 23
Suppose 0 = 3*v - 2*g + 4, -5*g + 6 = -2*v - 2*g. Suppose v = 11*r - r - 980. What are the prime factors of r?
2, 7
Let u = -161 + 170. List the prime factors of (-148)/(-3) + (-3)/u.
7
Suppose -5*u - 228 = -24*u. What are the prime factors of 690/(-18)*u/(-2)?
2, 5, 23
Suppose -37 = 2*f + 3*o - 184, -f + 5*o + 93 = 0. Suppose -68*p + f*p = 5680. What are the prime factors of p?
2, 71
Let c be (-2 - 5/(-10))*(-5 + 3). Suppose t + 13 = -3*o + 156, -3*o = -4*t + 632. Suppose c*v + 5*j - t = 0, -2*v + 48 = 4*j - 54. List the prime factors of v.
5, 11
Let g be (-42)/(-63) - 62/(-6). Suppose -25*s = g*s - 39132. What are the prime factors of s?
1087
Let s(i) = i**2 + 5*i + 13. Suppose -9*j = -13*j + 504. Let t = -115 + j. What are the prime factors of s(t)?
3, 7
Let i = -91041 - -132851. List the prime factors of i.
2, 5, 37, 113
Let c be (1/(-3))/(1*3/(-4086)). Suppose -6*q = 136 + 1742. Let p = q + c. List the prime factors of p.
3, 47
Let r(h) = -62*h**3 - 81*h**2 - 784*h + 35. List the prime factors of r(-11).
2, 5, 13, 313
Let g be -1*(15 + 0/4). Let f be ((-2)/(-3))/((-47)/g - 3). Let p(c) = -c**3 + 5*c**2 + 9*c - 16. What are the prime factors of p(f)?
29
Let i = -1475 + 1476. Suppose -5*n - 521 = 3*m, -3*m - 4*n - 814 = -288. Let t = i - m. What are the prime factors of t?
3, 61
Let l be (9/(-12)*6)/(21/28). Let b be -22*7/2 + (l - -3). Let m = -36 - b. What are the prime factors of m?
2, 11
Suppose 0 = -216*j + 220*j + 32. List the prime factors of (10 + -8)*(-1 + (-1092)/j).
271
Let u(x) = 619*x - 341. What are the prime factors of u(17)?
2, 3, 1697
What are the prime factors of 520669/12 + 106/(-1272)?
3, 1607
Let d = 12213 - -2472. List the prime factors of d.
3, 5, 11, 89
Let d(y) = 254*y - 3299. List the prime factors of d(36).
5, 7, 167
Let t(s) = 6*s**2 - 19*s - 142. Let c be t(26). Suppose -5*b - 5*q = -c, -3*b + 1171 + 880 = 2*q. What are the prime factors of b?
683
Let x(h) = -2*h**2 - 20*h - 76. Let p be x(-7). Let t = p + 133. What are the prime factors of t?
3, 11
Let c(o) = -5*o + 35. Let h be c(7). Suppose -3*w + 1420 = u, w - u - 616 + 136 = h. List the prime factors of w.
5, 19
Suppose -18*y + 1386232 - 5920 = 0. List the prime factors of y.
2, 19, 1009
Suppose -26*b + 29*b = 12. Suppose 13*d = b*d + 1260. List the prime factors of d.
2, 5, 7
Suppose 380 = 11*z - 6*z. Let b = z + -72. Suppose -b*g + 21 + 7 = 0. What are the prime factors of g?
7
Let r(q) = -6*q - 212. Let o be r(-36). Suppose 5*c - 1608 = c - o*j, -5*c + 2006 = 4*j. List the prime factors of c.
2, 199
Suppose 3*t - 3 = 0, 0 = 4*x - 5*t - 5 + 2. Let g be x/3 + 20/6. Suppose 5*h = d + g, -d = -h - 4 - 0. List the prime factors of d.
2, 3
Let c be 1/((-2)/(-2846) - 0). Suppose 3*w = -2*p + 36, 12*w + 5*p - 27 = 9*w. Suppose -1223 = -w*y + c. List the prime factors of y.
3, 7
Suppose 0 = -2*n - 6*o + 25462, o = n + 5*o - 12725. List the prime factors of n.
11, 19, 61
Let h(l) = -l**3 - 94*l**2 - 42*l + 1627. What are the prime factors of h(-94)?
5, 223
Let n be (2 - 1*6)/(5 + -7). Suppose n*h + 6 = 2. What are the prime factors of (0 - -1)*h*178/(-4)?
89
Suppose 0 = -5*j + 5*y + 20, -2*y + 6 = 2*j + 3*j. Suppose 4*v + 1503 = j*w - 701, -4*w + 4401 = -v. What are the prime factors of w?
2, 5, 11
Let g(t) = 9 + 3 + 7*t - 3 - 3*t**2 + 13*t**2. Let j be g(-2). Let w = j + -26. List the prime factors of w.
3
Suppose 193*f = 9469158 + 2533551 - 1989290. List the prime factors of f.
13, 307
Let n(u) = 14669*u + 2752. What are the prime factors of n(2)?
2, 5, 3209
Suppose -1013237 = 508*b - 3372109 - 5369332. What are the prime factors of b?
3, 11, 461
Suppose 2*i + 11*i = 156. List the prime factors of (-8)/32 + (2115/i)/5.
5, 7
Let h be -52 - -3*8/(-12). Let o = 46 + h. What are the prime factors of 16*21*1/o*-4?
2, 3, 7
Let z = -532 - -7461. What are the prime factors of z?
13, 41
Suppose 3*v + 31 = 16, -2*v = h - 562. Let l = 709 - h. What are the prime factors of l?
137
Let v(o) = -o**3 - o + 10. Let z be v(0). Suppose 1638 = z*s - 1152. List the